{"id":354,"date":"2017-12-08T08:36:54","date_gmt":"2017-12-08T08:36:54","guid":{"rendered":"http:\/\/nervenundkrieg.de\/?page_id=354"},"modified":"2018-01-28T23:52:31","modified_gmt":"2018-01-28T23:52:31","slug":"tagungsberichte","status":"publish","type":"page","link":"http:\/\/nervenundkrieg.de\/?page_id=354","title":{"rendered":"Tagungsberichte"},"content":{"rendered":"<h4><strong>Tagungsbericht in\u00a0H-Soz-Kult, 01.12.2017<\/strong><\/h4>\n<p>&nbsp;<\/p>\n<p>&#8222;Der Erste Weltkrieg mit seinen modernen Waffensystemen verursachte au\u00dfer einer nie dagewesenen Anzahl toter und k\u00f6rperlich versehrter Soldaten ein psychiatrisches Krankheitsbild, das zeitgen\u00f6ssische \u00c4rzte und Milit\u00e4rbefehlshaber vor ganz neue Herausforderungen stellte. Die epidemisch sich unter den Truppen ausbreitende Kriegsneurose mit einer Vielzahl k\u00f6rperlicher Symptome war in die Nosologie der bekannten Geisteskrankheiten kaum einzuordnen. Letztendlich waren es die Nerven, die den Soldaten versagten. Als Chiffre und Konstrukt verhandeln \u201eNerven\u201c systemimmanente Identit\u00e4ten, Auffassungen und Relevanzen. Um ein m\u00f6glichst breites thematisches Spektrum abzudecken, hatten die Organisatoren der Tagung einen soziokulturellen Kontext gew\u00e4hlt, der die theoretischen Grundlagen des zeitgen\u00f6ssischen Nervendiskurses und seine Folgen in der Praxis zwischen 1900 und 1933 nicht nur im Feld der Medizin ausleuchtete, sondern auch milit\u00e4rische und politische Entscheidungstr\u00e4ger, Filmemacher und Literaten einbezog. In sechs Panels zeichneten 20 Historiker aus Deutschland, Irland, Gro\u00dfbritannien und den USA ein facettenreiches und vielschichtiges Bild der Nervenproblematik vom Ersten Weltkrieg \u00fcber die Weimarer Republik bis hin zum Nationalsozialismus.&#8220; Mehr lesen Sie im <strong><a href=\"https:\/\/www.hsozkult.de\/conferencereport\/id\/tagungsberichte-7413\" target=\"_blank\" rel=\"noopener\">Tagungsbericht: Nerven und Krieg. Psychische Mobilisierungs- und Leidenserfahrungen in Deutschland 1900-1933<\/a><\/strong>, 12.10.2017 \u2013 13.10.2017 Berlin, in: H-Soz-Kult, 01.12.2017 von Uta Kanis-Seyfried, Forschungsbereich Geschichte und Ethik der Medizin, ZfP S\u00fcdw\u00fcrttemberg\/Klinik f\u00fcr Psychiatrie und Psychotherapie, Universit\u00e4t Ulm, Standort Ravensburg. <strong><a href=\"http:\/\/nervenundkrieg.de\/wp-content\/uploads\/2017\/12\/Tagungsbericht_HSozKult.pdf\" target=\"_blank\" rel=\"noopener\">Hier<\/a><\/strong> k\u00f6nnen Sie den Text im pdf-Format \u00f6ffnen.<\/p>\n<p>&nbsp;<\/p>\n<h4><strong>Conference report in\u00a0H-Net: Humanities &amp; Social Sciences Online, 23.01. 2018<\/strong><\/h4>\n<p>The <strong><a href=\"https:\/\/historypsychiatry.com\/2018\/01\/25\/conference-report-nerves-and-war-psychological-experiences-of-mobilization-and-suffering-in-germany-1900-1933\/\" target=\"_blank\" rel=\"noopener\">report<\/a><\/strong> was also published on <strong><a href=\"https:\/\/historypsychiatry.com\/about\/the-team\/\" target=\"_blank\" rel=\"noopener\">H-Madness<\/a><\/strong>,\u00a0 a forum for researchers in the humanities and social sciences,\u00a0interested in the history of madness, mental illness and their treatment (including the history of psychiatry, psychotherapy, and clinical psychology and social work).<\/p>\n<p>&#8222;Nerves and War. Experiences of Psychological Mobilisation and Suffering in Germany 1900-1933 was the main theme of the international conference held by historians Gundula Gahlen, Bj\u00f6rn Hofmeister, Christoph N\u00fcbel and Deniza Petrova at the Free University from 12 to 13 October 2017. The event was supported by the Fritz Thyssen Foundation, the Free University of Berlin and Middlebury College, USA. Around 21 researchers from Germany, Ireland, Britain and the USA attended the conference. As\u00a0<strong>Gundula Gahlen (Freie Universit\u00e4t Berlin)<\/strong>\u00a0emphasised in her introduction, the focus lay on contemporary discourses on the theme of nerves and war in the context of the First World War in the German Empire. She introduced the contemporary discourse on nerves as a central category for investigation against the backdrop of the changing understandings of doctors and researchers in the early neurological and psychiatric disciplines at the beginning of the war. \u201cNerves\u201d should be negotiated as a cipher for identities, views and relevances that are systemic. In addition, nerves were considered to be a central mobilisation resource for the war and an endurance test in war. In order to make the most comprehensive statements possible with the cipher, the main focus of the conference lay not only on medicine and psychiatry, but rather located the theme in the broad socio-cultural context of military, political and social groups and individuals.<\/p>\n<p>Against the backdrop of the First World War\u2019s new dimensions of violence, the<strong>\u00a0keynote speaker Bernd Ulrich<\/strong>\u00a0outlined the significance of the nerves of traumatised soldiers as well as of the \u201chome front\u201d for warfare. The initial starting point was the nerves of the generals, which also failed at the start and the finish: the nervous breakdowns of General Moltke the Younger and General Ludendorff marked the beginning and end of the First World War. Ulrich classified the breakdowns of the generality as part of the respective commencement and disintegration of wartime society. This wartime society illustrated the special performance requirements of modernity and the psychological price which was to be paid for them, as well as the rapidly changing understanding surrounding how these effects of the war should be treated. The speedy restoration of the ability to perform was required, using drastic methods if necessary.&#8220; For more see: <strong><a href=\"https:\/\/networks.h-net.org\/node\/12840\/discussions\/1273845\/%E2%80%9Cnerves-and-war-experiences-psychological-mobilisation-and\" target=\"_blank\" rel=\"noopener\">Conference report &#8222;Nerves and War. Experiences of Psychological Mobilisation and Suffering in Germany 1900-1933&#8220;<\/a> <\/strong>by Beate Winzer M.A. (Freie Universit\u00e4t Berlin), translated by Brier Field (Freie Universit\u00e4t Berlin), in H-Net: Humanities &amp; Social Sciences Online, 23.01. 2018. <strong><a href=\"https:\/\/networks.h-net.org\/node\/1273845\/pdf\" target=\"_blank\" rel=\"noopener\">Here<\/a><\/strong> you can download the report as PDF file.<\/p>\n","protected":false},"excerpt":{"rendered":"<p>Tagungsbericht in\u00a0H-Soz-Kult, 01.12.2017 &nbsp; &#8222;Der Erste Weltkrieg mit seinen modernen Waffensystemen verursachte au\u00dfer einer nie dagewesenen Anzahl toter und k\u00f6rperlich versehrter Soldaten ein psychiatrisches Krankheitsbild, das zeitgen\u00f6ssische \u00c4rzte und Milit\u00e4rbefehlshaber vor ganz neue Herausforderungen stellte. Die epidemisch sich unter den Truppen ausbreitende Kriegsneurose mit einer Vielzahl k\u00f6rperlicher Symptome war in die Nosologie der bekannten Geisteskrankheiten [&hellip;]<\/p>\n","protected":false},"author":1,"featured_media":0,"parent":0,"menu_order":0,"comment_status":"closed","ping_status":"closed","template":"","meta":{"footnotes":""},"_links":{"self":[{"href":"http:\/\/nervenundkrieg.de\/index.php?rest_route=\/wp\/v2\/pages\/354"}],"collection":[{"href":"http:\/\/nervenundkrieg.de\/index.php?rest_route=\/wp\/v2\/pages"}],"about":[{"href":"http:\/\/nervenundkrieg.de\/index.php?rest_route=\/wp\/v2\/types\/page"}],"author":[{"embeddable":true,"href":"http:\/\/nervenundkrieg.de\/index.php?rest_route=\/wp\/v2\/users\/1"}],"replies":[{"embeddable":true,"href":"http:\/\/nervenundkrieg.de\/index.php?rest_route=%2Fwp%2Fv2%2Fcomments&post=354"}],"version-history":[{"count":27,"href":"http:\/\/nervenundkrieg.de\/index.php?rest_route=\/wp\/v2\/pages\/354\/revisions"}],"predecessor-version":[{"id":389,"href":"http:\/\/nervenundkrieg.de\/index.php?rest_route=\/wp\/v2\/pages\/354\/revisions\/389"}],"wp:attachment":[{"href":"http:\/\/nervenundkrieg.de\/index.php?rest_route=%2Fwp%2Fv2%2Fmedia&parent=354"}],"curies":[{"name":"wp","href":"https:\/\/api.w.org\/{rel}","templated":true}]}}

<h4><strong>Tagungsbericht in H-Soz-Kult, 01.12.2017</strong></h4>
<p>&nbsp;</p>
<p>&#8222;Der Erste Weltkrieg mit seinen modernen Waffensystemen verursachte außer einer nie dagewesenen Anzahl toter und körperlich versehrter Soldaten ein psychiatrisches Krankheitsbild, das zeitgenössische Ärzte und Militärbefehlshaber vor ganz neue Herausforderungen stellte. Die epidemisch sich unter den Truppen ausbreitende Kriegsneurose mit einer Vielzahl körperlicher Symptome war in die Nosologie der bekannten Geisteskrankheiten kaum einzuordnen. Letztendlich waren es die Nerven, die den Soldaten versagten. Als Chiffre und Konstrukt verhandeln „Nerven“ systemimmanente Identitäten, Auffassungen und Relevanzen. Um ein möglichst breites thematisches Spektrum abzudecken, hatten die Organisatoren der Tagung einen soziokulturellen Kontext gewählt, der die theoretischen Grundlagen des zeitgenössischen Nervendiskurses und seine Folgen in der Praxis zwischen 1900 und 1933 nicht nur im Feld der Medizin ausleuchtete, sondern auch militärische und politische Entscheidungsträger, Filmemacher und Literaten einbezog. In sechs Panels zeichneten 20 Historiker aus Deutschland, Irland, Großbritannien und den USA ein facettenreiches und vielschichtiges Bild der Nervenproblematik vom Ersten Weltkrieg über die Weimarer Republik bis hin zum Nationalsozialismus.&#8220; Mehr lesen Sie im <strong><a href="https://www.hsozkult.de/conferencereport/id/tagungsberichte-7413" target="_blank" rel="noopener">Tagungsbericht: Nerven und Krieg. Psychische Mobilisierungs- und Leidenserfahrungen in Deutschland 1900-1933</a></strong>, 12.10.2017 – 13.10.2017 Berlin, in: H-Soz-Kult, 01.12.2017 von Uta Kanis-Seyfried, Forschungsbereich Geschichte und Ethik der Medizin, ZfP Südwürttemberg/Klinik für Psychiatrie und Psychotherapie, Universität Ulm, Standort Ravensburg. <strong><a href="http://nervenundkrieg.de/wp-content/uploads/2017/12/Tagungsbericht_HSozKult.pdf" target="_blank" rel="noopener">Hier</a></strong> können Sie den Text im pdf-Format öffnen.</p>
<p>&nbsp;</p>
<h4><strong>Conference report in H-Net: Humanities &amp; Social Sciences Online, 23.01. 2018</strong></h4>
<p>The <strong><a href="https://historypsychiatry.com/2018/01/25/conference-report-nerves-and-war-psychological-experiences-of-mobilization-and-suffering-in-germany-1900-1933/" target="_blank" rel="noopener">report</a></strong> was also published on <strong><a href="https://historypsychiatry.com/about/the-team/" target="_blank" rel="noopener">H-Madness</a></strong>,  a forum for researchers in the humanities and social sciences, interested in the history of madness, mental illness and their treatment (including the history of psychiatry, psychotherapy, and clinical psychology and social work).</p>
<p>&#8222;Nerves and War. Experiences of Psychological Mobilisation and Suffering in Germany 1900-1933 was the main theme of the international conference held by historians Gundula Gahlen, Björn Hofmeister, Christoph Nübel and Deniza Petrova at the Free University from 12 to 13 October 2017. The event was supported by the Fritz Thyssen Foundation, the Free University of Berlin and Middlebury College, USA. Around 21 researchers from Germany, Ireland, Britain and the USA attended the conference. As <strong>Gundula Gahlen (Freie Universität Berlin)</strong> emphasised in her introduction, the focus lay on contemporary discourses on the theme of nerves and war in the context of the First World War in the German Empire. She introduced the contemporary discourse on nerves as a central category for investigation against the backdrop of the changing understandings of doctors and researchers in the early neurological and psychiatric disciplines at the beginning of the war. “Nerves” should be negotiated as a cipher for identities, views and relevances that are systemic. In addition, nerves were considered to be a central mobilisation resource for the war and an endurance test in war. In order to make the most comprehensive statements possible with the cipher, the main focus of the conference lay not only on medicine and psychiatry, but rather located the theme in the broad socio-cultural context of military, political and social groups and individuals.</p>
<p>Against the backdrop of the First World War’s new dimensions of violence, the<strong> keynote speaker Bernd Ulrich</strong> outlined the significance of the nerves of traumatised soldiers as well as of the “home front” for warfare. The initial starting point was the nerves of the generals, which also failed at the start and the finish: the nervous breakdowns of General Moltke the Younger and General Ludendorff marked the beginning and end of the First World War. Ulrich classified the breakdowns of the generality as part of the respective commencement and disintegration of wartime society. This wartime society illustrated the special performance requirements of modernity and the psychological price which was to be paid for them, as well as the rapidly changing understanding surrounding how these effects of the war should be treated. The speedy restoration of the ability to perform was required, using drastic methods if necessary.&#8220; For more see: <strong><a href="https://networks.h-net.org/node/12840/discussions/1273845/%E2%80%9Cnerves-and-war-experiences-psychological-mobilisation-and" target="_blank" rel="noopener">Conference report &#8222;Nerves and War. Experiences of Psychological Mobilisation and Suffering in Germany 1900-1933&#8220;</a> </strong>by Beate Winzer M.A. (Freie Universität Berlin), translated by Brier Field (Freie Universität Berlin), in H-Net: Humanities &amp; Social Sciences Online, 23.01. 2018. <strong><a href="https://networks.h-net.org/node/1273845/pdf" target="_blank" rel="noopener">Here</a></strong> you can download the report as PDF file.</p>

<p>Tagungsbericht in H-Soz-Kult, 01.12.2017 &nbsp; &#8222;Der Erste Weltkrieg mit seinen modernen Waffensystemen verursachte außer einer nie dagewesenen Anzahl toter und körperlich versehrter Soldaten ein psychiatrisches Krankheitsbild, das zeitgenössische Ärzte und Militärbefehlshaber vor ganz neue Herausforderungen stellte. Die epidemisch sich unter den Truppen ausbreitende Kriegsneurose mit einer Vielzahl körperlicher Symptome war in die Nosologie der bekannten Geisteskrankheiten [&hellip;]</p>
