{"id":37,"date":"2017-07-26T07:50:25","date_gmt":"2017-07-26T07:50:25","guid":{"rendered":"http:\/\/nervenundkrieg.de\/?page_id=37"},"modified":"2017-10-11T05:05:27","modified_gmt":"2017-10-11T05:05:27","slug":"programm","status":"publish","type":"page","link":"http:\/\/nervenundkrieg.de\/?page_id=37","title":{"rendered":"Programm"},"content":{"rendered":"<h2><strong>Nerven und Krieg<\/strong><\/h2>\n<h2><strong>Psychische Mobilisierungs- und Leidenserfahrungen<br \/>\nin Deutschland 1900-1933<\/strong><\/h2>\n<p>&nbsp;<\/p>\n<h5>Freie Universit\u00e4t Berlin, 12.-13. Oktober 2017<\/h5>\n<p>organisiert von Gundula Gahlen, Bj\u00f6rn Hofmeister, Christoph N\u00fcbel und Deniza Petrova<br \/>\nOrt: Freie Universit\u00e4t Berlin, Fabeckstra\u00dfe 23-25, 14195 Berlin, Raum: 2.2059<\/p>\n<h3><strong>Donnerstag, 12. Oktober 2017<\/strong><\/h3>\n<p>12.00-12.30 Uhr Anmeldung<strong>\u00a0<\/strong><\/p>\n<p><strong><em>Einf\u00fchrung<\/em><\/strong> (12.30-13.45 Uhr)<\/p>\n<p>Gundula Gahlen (Freie Universit\u00e4t Berlin)<br \/>\nNerven und Krieg. Psychische Mobilisierungs- und Leidenserfahrungen in Deutschland 1900-1933: Einf\u00fchrung<\/p>\n<p>Bernd Ulrich (Berlin)<br \/>\n<a href=\"http:\/\/nervenundkrieg.de\/wp-content\/uploads\/2017\/10\/Abstract_Bernd_Ulrich.pdf\" target=\"_blank\" rel=\"noopener\">Keynote: Krieg der Nerven \u2013 Krieg des Willens<\/a><\/p>\n<p><em>Kaffeepause<\/em><\/p>\n<p><strong><em>Panel 1: Medizinische Diskurse zu Nerven und Krieg <\/em><\/strong>(14.15-15.45 Uhr)<\/p>\n<p>Panelleitung: Birgit Aschmann (Humboldt-Universit\u00e4t zu Berlin)<\/p>\n<p>Susanne Ude-Koeller (Friedrich-Alexander-Universit\u00e4t Erlangen-N\u00fcrnberg)<br \/>\n<a href=\"http:\/\/nervenundkrieg.de\/wp-content\/uploads\/2017\/10\/Abstract_Susanne_Ude-Koeller.pdf\" target=\"_blank\" rel=\"noopener\">Gustav Spechts \u201eKrieg und Geistesst\u00f6rung\u201c 1913<\/a><\/p>\n<p>David Freis (Universit\u00e4t M\u00fcnster)<br \/>\n<a href=\"http:\/\/nervenundkrieg.de\/wp-content\/uploads\/2017\/10\/Abstract_David_Freis.pdf\" target=\"_blank\" rel=\"noopener\">Psyche, Krieg und Kollektiv. Von der Massensuggestion zur V\u00f6lkerpsychopathologie 1900-1933<\/a><\/p>\n<p>Thomas Beddies (Institut f\u00fcr Geschichte der Medizin und der Ethik in der Medizin der Charit\u00e9, Berlin)<br \/>\n<a href=\"http:\/\/nervenundkrieg.de\/wp-content\/uploads\/2017\/10\/Abtract_Thomas_Beddies.pdf\" target=\"_blank\" rel=\"noopener\">Die Revolution als \u201epsychopathologische Fundgrube\u201c. Nerven und Nervenheilkunde nach dem Ersten Weltkrieg<\/a><\/p>\n<p><em>Kaffeepause<\/em><\/p>\n<p><strong><em>Panel 2: Die Nerven in der milit\u00e4rischen F\u00fchrung <\/em><\/strong>(16.15-17.45 Uhr)<br \/>\nPanelleitung: Oliver Janz (Freie Universit\u00e4t Berlin)<\/p>\n<p>Annika Mombauer (Open University London)<br \/>\n<a href=\"http:\/\/nervenundkrieg.de\/wp-content\/uploads\/2017\/10\/Abstract_Annika_Mombauer.pdf\" target=\"_blank\" rel=\"noopener\">Die Nerven Helmuth von Moltkes<\/a><\/p>\n<p>Gundula Gahlen (Freie Universit\u00e4t Berlin)<br \/>\n<a href=\"http:\/\/nervenundkrieg.de\/wp-content\/uploads\/2017\/10\/Abstract_Gundula_Gahlen.pdf\" target=\"_blank\" rel=\"noopener\">Die Nerven der Offiziere als milit\u00e4risches Problem. Milit\u00e4rische Diskurse und Handlungsstrategien 1914-1918<\/a><\/p>\n<p>Mark Jones (University College Dublin, Irland)<br \/>\nNerves and the Officers&#8216; Plot during the German Revolution of 1918-19. The Case from Western Germany<\/p>\n<p><em>Kaffeepause<\/em><\/p>\n<p><strong><em>\u00d6ffentlicher Abendvortrag <\/em><\/strong>(18.15\u201319.45 Uhr)<\/p>\n<p>Moderation: Christoph N\u00fcbel (Zentrum f\u00fcr Milit\u00e4rgeschichte und Sozialwissenschaften der Bundeswehr, Potsdam)<\/p>\n<p><strong>Joachim Radkau (Universit\u00e4t Bielefeld)<br \/>\n<a href=\"http:\/\/nervenundkrieg.de\/wp-content\/uploads\/2017\/10\/Abstract_Joachim_Radkau.pdf\" target=\"_blank\" rel=\"noopener\">Die Wende zur &#8218;Willenskultur&#8216; in der Nerventherapie und das nerv\u00f6se Doppelgesicht des Krieges<\/a><\/strong><\/p>\n<p><em>\u00a0<\/em><em>Empfang<\/em><\/p>\n<h3><strong>Freitag, 13. Oktober 2017<\/strong><\/h3>\n<p><strong><em>Panel 3: Die Nerven der Soldaten<\/em><\/strong> (9.00-10.30 Uhr)<\/p>\n<p>Panelleitung: Bernd Ulrich (Berlin)<\/p>\n<p>Philipp Rauh (Friedrich-Alexander-Universit\u00e4t Erlangen-N\u00fcrnberg)<br \/>\n<a href=\"http:\/\/nervenundkrieg.de\/wp-content\/uploads\/2017\/10\/Abstract_Philipp_Rauh.pdf\" target=\"_blank\" rel=\"noopener\">Die milit\u00e4rpsychiatrischen Therapiemethoden im Ersten Weltkrieg. Diskurs und Praxis<\/a><\/p>\n<p>Rebecca Ayako Bennette (Middlebury College, USA)<br \/>\n<a href=\"http:\/\/nervenundkrieg.de\/wp-content\/uploads\/2017\/10\/Abstract_Rebecca_Ayako_Bennette.pdf\" target=\"_blank\" rel=\"noopener\">Diagnosing Dissent:\u00a0Hysteria, Conscientious Objection, and German Wartime Psychiatry, 1914 to 1918<\/a><\/p>\n<p>Christoph N\u00fcbel (Zentrum f\u00fcr Milit\u00e4rgeschichte und Sozialwissenschaften der Bundeswehr, Potsdam)<br \/>\n<a href=\"http:\/\/nervenundkrieg.de\/wp-content\/uploads\/2017\/10\/Abstract_Christoph_N\u00fcbel.pdf\" target=\"_blank\" rel=\"noopener\">Raumpsychologie und soldatische Kriegserfahrung im Ersten Weltkrieg<\/a><\/p>\n<p><em>Kaffeepause<\/em><em>\u00a0<\/em><\/p>\n<p><strong><em>Panel 4: Die Nerven an der Heimatfront <\/em><\/strong>(11.00-12.00 Uhr)<\/p>\n<p>Panelleitung: Jason Crouthamel (Grand Valley State University Michigan, USA)<\/p>\n<p>Silke Fehlemann (Universit\u00e4t D\u00fcsseldorf)<br \/>\n<a href=\"http:\/\/nervenundkrieg.de\/wp-content\/uploads\/2017\/10\/Abstract_Silke_Fehlemann.pdf\" target=\"_blank\" rel=\"noopener\">Die Nerven der &#8222;Daheimgebliebenen&#8220;<\/a><\/p>\n<p>Sebastian F. Bondzio (Universit\u00e4t Osnabr\u00fcck)<br \/>\n<a href=\"http:\/\/nervenundkrieg.de\/wp-content\/uploads\/2017\/10\/Abstract_Sebastian_Bondzio.pdf\" target=\"_blank\" rel=\"noopener\">Massentrauer? Das Sterben von Soldaten im Krieg, Verlusterfahrungen und seine gesellschaftlichen Nachwirkungen<strong><em>\u00a0<\/em><\/strong><\/a><\/p>\n<p><em>Mittagspause 12.00-13.30 Uhr<\/em><\/p>\n<p><strong><em>Panel 5: Nervendiskurse, Mobilisierungspraktiken und politische Lernprozesse der politischen Rechten nach dem Ersten Weltkrieg <\/em><\/strong>(13.30-15.00 Uhr)<\/p>\n<p>Panelleitung: Bj\u00f6rn Hofmeister (Freie Universit\u00e4t Berlin)<\/p>\n<p>Dennis Werberg (Zentrum f\u00fcr Milit\u00e4rgeschichte und Sozialwissenschaften der Bundeswehr)<br \/>\n<a href=\"http:\/\/nervenundkrieg.de\/wp-content\/uploads\/2017\/10\/Abstract_Dennis_Werberg-1.pdf\" target=\"_blank\" rel=\"noopener\">Die Nerven der Stahlhelm-M\u00e4nner. Weltkriegserinnerung und Selbstverst\u00e4ndnis des Stahlhelm-Bundes der Frontsoldaten<\/a><\/p>\n<p>Daniela Gasteiger (LMU M\u00fcnchen)<br \/>\n<a href=\"http:\/\/nervenundkrieg.de\/wp-content\/uploads\/2017\/10\/Abstract_Daniela_Gasteiger.pdf\" target=\"_blank\" rel=\"noopener\">Nerven und Herz. Diskurse um politische Herrschaft und politisches Handeln auf der politischen Rechten zwischen den Weltkriegen<\/a><\/p>\n<p>Nils L\u00f6ffelbein (Universit\u00e4t Frankfurt a.M.)<strong><br \/>\n<\/strong><a href=\"http:\/\/nervenundkrieg.de\/wp-content\/uploads\/2017\/10\/Abstract_Nils_L\u00f6ffelbein.pdf\" target=\"_blank\" rel=\"noopener\">\u201eRentenj\u00e4ger &#8211; Simulanten\u201c \u2013 Kriegstraumata und psychische Versehrtheit in Ideologie und Propaganda des Nationalsozialismus<\/a><\/p>\n<p><em>Kaffeepause<\/em><strong><em>\u00a0<\/em><\/strong><\/p>\n<p><strong><em>Panel 6: Die Bedeutung von \u201eNerven\u201c in Sinnstiftungsnarrativen und medialen Deutungsmustern <\/em><\/strong>(15.30-17.00 Uhr)<\/p>\n<p>Panelleitung: Uwe Puschner (Freie Universit\u00e4t Berlin)<\/p>\n<p>Jason Crouthamel (Grand Valley State University Michigan, USA)<br \/>\n<a href=\"http:\/\/nervenundkrieg.de\/wp-content\/uploads\/2017\/10\/Abstract_Jason_Crouthamel.pdf\" target=\"_blank\" rel=\"noopener\">Contested Memories and Traumatic Neurosis in Weimar and Nazi Germany<\/a><\/p>\n<p>Olga Lantukhova (LMU M\u00fcnchen)<br \/>\n<a href=\"http:\/\/nervenundkrieg.de\/wp-content\/uploads\/2017\/10\/Abstract_Olga_Lantukhova.pdf\" target=\"_blank\" rel=\"noopener\">Kriegsbegeisterung als Normalit\u00e4t und Pazifismus als Nervenschw\u00e4che. Auseinandersetzungen mit psychischen Auswirkungen des Krieges in den literarischen Darstellungen des Ersten Weltkriegs<\/a><\/p>\n<p>Julia Barbara K\u00f6hne (Humboldt-Universit\u00e4t zu Berlin)<br \/>\n<a href=\"http:\/\/nervenundkrieg.de\/wp-content\/uploads\/2017\/10\/Abstract_Julia_Barbara_K\u00f6hne.pdf\" target=\"_blank\" rel=\"noopener\">Spiegelungen interdisziplin\u00e4ren Diskurswissens in Robert Reinerts Nerven (1919)<\/a><\/p>\n<p><strong><em>Abschlussdiskussion<\/em><\/strong><strong> (<\/strong>17.00-18.00 Uhr)<\/p>\n<p>Bj\u00f6rn Hofmeister (Freie Universit\u00e4t Berlin)<br \/>\n<a href=\"http:\/\/nervenundkrieg.de\/wp-content\/uploads\/2017\/10\/Abstract_Bj\u00f6rn_Hofmeister.pdf\" target=\"_blank\" rel=\"noopener\">Nerven und Krieg: Methodische \u00dcberlegungen und Schlusskommentar<\/a><\/p>\n<p>&nbsp;<\/p>\n<p><strong>Hier k\u00f6nnen Sie das <a href=\"http:\/\/nervenundkrieg.de\/wp-content\/uploads\/2017\/10\/Tagungsprogramm-Nerven-und-Krieg_1_Oktober_2017.pdf\" target=\"_blank\" rel=\"noopener\">Tagungsprogramm<\/a> und die <a href=\"http:\/\/nervenundkrieg.de\/wp-content\/uploads\/2017\/10\/Programmheft-mit-Abstracts.pdf\" target=\"_blank\" rel=\"noopener\">Zusammenfassungen der Vortr\u00e4ge<\/a> herunterladen.<\/strong><\/p>\n","protected":false},"excerpt":{"rendered":"<p>Nerven und Krieg Psychische Mobilisierungs- und Leidenserfahrungen in Deutschland 1900-1933 &nbsp; Freie Universit\u00e4t Berlin, 12.-13. Oktober 2017 organisiert von Gundula Gahlen, Bj\u00f6rn Hofmeister, Christoph N\u00fcbel und Deniza Petrova Ort: Freie Universit\u00e4t Berlin, Fabeckstra\u00dfe 23-25, 14195 Berlin, Raum: 2.2059 Donnerstag, 12. Oktober 2017 12.00-12.30 Uhr Anmeldung\u00a0 Einf\u00fchrung (12.30-13.45 Uhr) Gundula Gahlen (Freie Universit\u00e4t Berlin) Nerven und [&hellip;]<\/p>\n","protected":false},"author":1,"featured_media":0,"parent":0,"menu_order":0,"comment_status":"closed","ping_status":"closed","template":"","meta":{"footnotes":""},"_links":{"self":[{"href":"http:\/\/nervenundkrieg.de\/index.php?rest_route=\/wp\/v2\/pages\/37"}],"collection":[{"href":"http:\/\/nervenundkrieg.de\/index.php?rest_route=\/wp\/v2\/pages"}],"about":[{"href":"http:\/\/nervenundkrieg.de\/index.php?rest_route=\/wp\/v2\/types\/page"}],"author":[{"embeddable":true,"href":"http:\/\/nervenundkrieg.de\/index.php?rest_route=\/wp\/v2\/users\/1"}],"replies":[{"embeddable":true,"href":"http:\/\/nervenundkrieg.de\/index.php?rest_route=%2Fwp%2Fv2%2Fcomments&post=37"}],"version-history":[{"count":62,"href":"http:\/\/nervenundkrieg.de\/index.php?rest_route=\/wp\/v2\/pages\/37\/revisions"}],"predecessor-version":[{"id":343,"href":"http:\/\/nervenundkrieg.de\/index.php?rest_route=\/wp\/v2\/pages\/37\/revisions\/343"}],"wp:attachment":[{"href":"http:\/\/nervenundkrieg.de\/index.php?rest_route=%2Fwp%2Fv2%2Fmedia&parent=37"}],"curies":[{"name":"wp","href":"https:\/\/api.w.org\/{rel}","templated":true}]}}