{"id":39,"date":"2017-07-26T07:50:59","date_gmt":"2017-07-26T07:50:59","guid":{"rendered":"http:\/\/nervenundkrieg.de\/?page_id=39"},"modified":"2017-10-11T14:45:55","modified_gmt":"2017-10-11T14:45:55","slug":"veranstalter","status":"publish","type":"page","link":"http:\/\/nervenundkrieg.de\/?page_id=39","title":{"rendered":"Veranstalter"},"content":{"rendered":"<p><img loading=\"lazy\" decoding=\"async\" class=\"wp-image-78 alignleft\" src=\"http:\/\/nervenundkrieg.de\/wp-content\/uploads\/2017\/07\/bild_gahlen2017_klein-238x300.jpg\" alt=\"\" width=\"152\" height=\"192\" \/><a href=\"http:\/\/www.geschkult.fu-berlin.de\/e\/fmi\/institut\/arbeitsbereiche\/ab_janz\/Mitarbeiter\/Wissenschaftliche-Mitarbeiter\/Gahlen.html\">Dr. phil. Gundula Gahlen<\/a> arbeitet als wissenschaftliche Mitarbeiterin am Arbeitsbereich Neuere Geschichte der Freien Universit\u00e4t Berlin. Ihre Forschungsinteressen liegen in der der Milit\u00e4rgeschichte des 18. bis 20. Jahrhunderts, der Kollektiven Biographik, Psychiatriegeschichte und Erfahrungsgeschichte. Die Dissertation von Gundula Gahlen widmet sich dem bayerischen Offizierskorps von 1815 bis 1866. Nachfolgend untersuchte sie im DFG-Forschungsprojekt <a href=\"http:\/\/www.geschkult.fu-berlin.de\/e\/fmi\/institut\/arbeitsbereiche\/ab_janz\/Forschungsprojekte\/projekt_dfg_erster_weltkrieg_auf_dem_balkan\/DFG_Projekt.html\" target=\"_blank\" rel=\"noopener\">\u201eDer Erste Weltkrieg auf dem Balkan\u201c<\/a> die Kriegserfahrungen deutscher Soldaten in Rum\u00e4nien. Ihr Habilitationsprojekt behandelt das Thema <a href=\"http:\/\/www.geschkult.fu-berlin.de\/e\/fmi\/institut\/arbeitsbereiche\/ab_janz\/Forschungsprojekte\/Psychisch_versehrte_Offiziere_des_Ersten_Weltkriegs\/index.html\" target=\"_blank\" rel=\"noopener\">\u201ePsychisch versehrte Offiziere des Ersten Weltkriegs in Deutschland\u201c<\/a>.<\/p>\n<p><a href=\"http:\/\/www.geschkult.fu-berlin.de\/en\/e\/fmi\/institut\/arbeitsbereiche\/ab_janz\/Mitarbeiter\/Wissenschaftliche-Mitarbeiter\/gahlen.html\">Dr. Gundula Gahlen<\/a> is a research associate within the department of modern history at the Free University Berlin. Her research interests include military history from the 18th to the 20th century, \u2018collective biography\u2019, the history of psychiatry and the history of experience. Gundula Gahlen\u2019s dissertation addressed the Bavarian officer corps from 1815 to 1866. After this, she was research associate in the DFG research project <a href=\"http:\/\/www.geschkult.fu-berlin.de\/e\/fmi\/arbeitsbereiche\/ab_janz\/Forschungsprojekte\/projekt_dfg_erster_weltkrieg_auf_dem_balkan\/DFG_Projekt.html\" target=\"_blank\" rel=\"noopener\">\u201cThe First World War in the Balkans\u201d<\/a> and investigated German soldiers\u2019 experiences of war in Romania. Her habilitation project explores the topic <a href=\"http:\/\/www.geschkult.fu-berlin.de\/e\/fmi\/arbeitsbereiche\/ab_janz\/Forschungsprojekte\/Psychisch_versehrte_Offiziere_des_Ersten_Weltkriegs\/index.html\" target=\"_blank\" rel=\"noopener\">\u201cMentally Traumatized Officers of World War One in Germany\u201d<\/a>.<\/p>\n<p><em>Ver\u00f6ffentlichungen (Auswahl):<\/em><br \/>\nGundula Gahlen, Das bayerische Offizierskorps 1815-1866, Paderborn u. a. 2011 (= Krieg in der Geschichte 63).<br \/>\nGahlen, Gundula\/Daniel Marc Segesser\/Carmen Winkel (Hrsg.), Geheime Netzwerke im Milit\u00e4r, 1700-1945, Paderborn u. a. 2016 (= Krieg in der Geschichte 80).<br \/>\nGahlen, Gundula\/Wencke Meteling\/Christoph N\u00fcbel (Hrsg.), <a href=\"http:\/\/portal-militaergeschichte.de\/psychische_versehrungen.\" target=\"_blank\" rel=\"noopener\">Themenschwerpunkt: Psychische Versehrungen im Zeitalter der Weltkriege.<\/a> Portal Milit\u00e4rgeschichte, 5. Januar 2015.<br \/>\nJ\u00fcrgen Angelow (Hrsg.) unter Mitarbeit von Gundula Gahlen u. Oliver Stein, Der Erste Weltkrieg auf dem Balkan. Perspektiven der Forschung, Berlin 2011.<br \/>\nGundula Gahlen u. Carmen Winkel (Hrsg.), Milit\u00e4rische Eliten in der Fr\u00fchen Neuzeit, Potsdam 2010 (= Milit\u00e4r und Gesellschaft in der Fr\u00fchen Neuzeit 14 (2010) Heft 1).<\/p>\n<p><img loading=\"lazy\" decoding=\"async\" class=\"wp-image-95 alignleft\" src=\"http:\/\/nervenundkrieg.de\/wp-content\/uploads\/2017\/07\/Bj\u00f6rnHofmeister-206x300.jpg\" alt=\"\" width=\"147\" height=\"214\" srcset=\"http:\/\/nervenundkrieg.de\/wp-content\/uploads\/2017\/07\/Bj\u00f6rnHofmeister-206x300.jpg 206w, http:\/\/nervenundkrieg.de\/wp-content\/uploads\/2017\/07\/Bj\u00f6rnHofmeister.jpg 350w\" sizes=\"(max-width: 147px) 100vw, 147px\" \/><\/p>\n<p><a href=\"http:\/\/www.geschkult.fu-berlin.de\/e\/fmi\/institut\/arbeitsbereiche\/puschner\/mitarbeiter\/wimi\/hofmeister.html\" target=\"_blank\" rel=\"noopener\">Dr. Bj\u00f6rn Hofmeister<\/a> arbeitet als wissenschaftlicher Mitarbeiter am Arbeitsbereich Neuere Geschichte am Friedrich-Meinecke-Institut der Freien Universit\u00e4t Berlin. Er arbeitet zur Politik-, Kultur- und Sozialgeschichte des 19. und 20. Jahrhunderts mit Schwerpunkten in der Verbandsgeschichte, Parteien und soziale Bewegungen, Biographik und generationellen Erfahrungsgeschichte des Ersten Weltkrieges. Die Dissertation von Bj\u00f6rn Hofmeister \u00a0(Ph.D. Georgetown University) widmet sich der Ideen- und Mobilisierungspolitik des Alldeutschen Verbandes zwischen 1914 und 1939 und somit auch dem Verh\u00e4ltnis zwischen \u201ealten\u201c und \u201eneuen\u201c nationalistischen Bewegungen zwischen Kaiserreich und Nationalsozialismus. Nachfolgend erarbeitet er das DFG-Editionsprojekt <a href=\"http:\/\/www.geschkult.fu-berlin.de\/e\/fmi\/institut\/arbeitsbereiche\/puschner\/projekte\/class\/index.html\" target=\"_blank\" rel=\"noopener\">\u201eHeinrich Cla\u00df. Politische Erinnerungen des Vorsitzenden des Alldeutschen Verbandes 1915-1933\/36\u201c<\/a>.<\/p>\n<p><em>Ver\u00f6ffentlichungen (Auswahl):<\/em> (Herausgeber zusammen mit R\u00fcdiger vom Bruch): Kaiserreich und Erster Weltkrieg 1871-1918, 6. Aufl., Stuttgart 2013; Realms of Leadership and Residues of Social Mobilization. The Pan-German League, 1918-1933, in Larry Eugene Jones (Hrsg.): The German Right in the Weimar Republic, New York\/Oxford 2014, S. 134-165; Weltanschauung, Mobilisierungstrukturen und Krisenerfahrungen. Antisemitische Radikalisierung des Alldeutschen Verbandes als Proze\u00df 1912-1920, in: Jahrbuch f\u00fcr Antisemitismusforschung 24 (2015), S. 119-153; Protestantismus, deutsche Kriegsgesellschaft und Mobilisierungspolitik zwischen Erstem Weltkrieg und Weimarer Republik, in Richard Faber\/Uwe Puschner (Hrsg.): Luther. Zeitgen\u00f6ssisch, historisch, kontrovers, Frankfurt\/Main 2017, S. 43-67<\/p>\n<p><a href=\"http:\/\/www.geschkult.fu-berlin.de\/e\/fmi\/institut\/arbeitsbereiche\/puschner\/mitarbeiter\/wimi\/hofmeister.html\" target=\"_blank\" rel=\"noopener\">Dr. Bj\u00f6rn Hofmeister<\/a> is a research associate at the Friedrich Meinecke Institute (Modern History) at Free University Berlin. His research focuses on the political, cultural, and social history of the 19<sup>th<\/sup> and 20<sup>th<\/sup> Century with a special interest in the history of associations, parties and social movements, biography, and the history of generations as well as processes of coping and experiencing WWI. Bj\u00f6rn Hofmeister\u2019s dissertation (Ph.D. Georgetown University) is devoted to Pan-German politics of Weltanschauung and mobilization between 1914 and 1939. The study, with the current title \u201eArchitects of Dictatorship. Radical Nationalism and Political Mobilization of the Pan-German League, 1914-1939\u201c, puts the League\u00b4s struggle for mobilization und influence into a broader context of the relationship between \u201cold\u201d and \u201cnew\u201d movements of the radical Right between Imperial and Nazi Germany. He is currently finishing the DFG project <a href=\"http:\/\/www.geschkult.fu-berlin.de\/e\/fmi\/institut\/arbeitsbereiche\/puschner\/projekte\/class\/index.html\" target=\"_blank\" rel=\"noopener\">\u201cHeinrich Cla\u00df. Political Memoirs of the Chairman of the Pan-German League, 1915-1933\/36\u201d<\/a>.<\/p>\n<p><img loading=\"lazy\" decoding=\"async\" class=\" wp-image-180 alignleft\" src=\"http:\/\/nervenundkrieg.de\/wp-content\/uploads\/2016\/05\/P_FOTO_normal.jpg\" alt=\"\" width=\"151\" height=\"225\" \/><a href=\"http:\/\/www.mgfa-potsdam.de\/html\/zms_mitarbeiter_einzeln.php?do=display&amp;ident=58246d1de924b\" target=\"_blank\" rel=\"noopener\">Dr. Christoph N\u00fcbel<\/a> ist wissenschaftlicher Mitarbeiter am Zentrum f\u00fcr Milit\u00e4rgeschichte und Sozialwissenschaften der Bundeswehr, Potsdam. Zuvor war er wissenschaftlicher Mitarbeiter an der Humboldt-Universit\u00e4t zu Berlin. N\u00fcbels Forschungen befassen sich mit der Milit\u00e4rgeschichte des 19. und 20. Jahrhunderts, Sicherheit, Raum und historischen Mythen.<\/p>\n<p><em>Ver\u00f6ffentlichungen (Auswahl):<\/em> Neuvermessungen der Gewaltgeschichte. \u00dcber den &#8222;langen Ersten Weltkrieg&#8220; (1900\u20131930), in: Mittelweg 36 24 (2015), S. 225-248; <a href=\"https:\/\/www.schoeningh.de\/uploads\/tx_mbooks\/9783506780836_leseprobe.pdf\" target=\"_blank\" rel=\"noopener\">Durchhalten und \u00dcberleben an der Westfront. Raum und K\u00f6rper im Ersten Weltkrieg<\/a>, Paderborn 2014; Der Bismarck-Mythos in den Reden und Schriften Hitlers. Vergangenheitsbilder und Zukunftsversprechen in der Auseinandersetzung von NSDAP und DNVP bis 1933, in: Historische Zeitschrift 298 (2014), S. 349-380.<\/p>\n<p><a href=\"http:\/\/www.mgfa-potsdam.de\/html\/zms_mitarbeiter_einzeln.php?do=display&amp;ident=58246d1de924b\" target=\"_blank\" rel=\"noopener\">Dr. Christoph N\u00fcbel<\/a> is research associate at the Bundeswehr Center of Military History and Social Sciences in Potsdam. Previously, he was\u00a0 research associate at Humboldt University Berlin. N\u00fcbel\u2019s research focuses on military history of the 19<sup>th<\/sup> and 20<sup>th<\/sup> century, security studies, spatial history and historical mythology.<\/p>\n<p>Deniza Petrova M.A. ist Doktorandin am Friedrich-Meinecke-Institut der Freien Universit\u00e4t Berlin. Zuvor war sie wissenschaftliche Mitarbe<img loading=\"lazy\" decoding=\"async\" class=\"wp-image-344 alignleft\" src=\"http:\/\/nervenundkrieg.de\/wp-content\/uploads\/2017\/10\/IMG_4022_d.jpg\" alt=\"\" width=\"139\" height=\"159\" \/>iterin am Lehrstuhl f\u00fcr Milit\u00e4rgeschichte\/Kulturgeschichte der Gewalt an der Universit\u00e4t Potsdam und am Arbeitsbereich Neuere Geschichte, Freie Universit\u00e4t-Berlin. Ihr abgeschlossenes Dissertationsprojekt widmet sich der bulgarischen Erinnerung an den Ersten Weltkrieg (1916-2016) im Rahmen des\u00a0DFG-Forschungsprojekts <a href=\"http:\/\/www.geschkult.fu-berlin.de\/e\/fmi\/institut\/arbeitsbereiche\/ab_janz\/Forschungsprojekte\/projekt_dfg_erster_weltkrieg_auf_dem_balkan\/DFG_Projekt.html\" target=\"_blank\" rel=\"noopener\">\u201eDer Erste Weltkrieg auf dem Balkan\u201c<\/a>. Deniza Petrova ist der <span class=\"st\">CIO<\/span> des Tagungsteams und verantwortlich f\u00fcr Internetpr\u00e4senz, Design, Druckwerbung und Kommunikation.<\/p>\n<p><em>Ver\u00f6ffentlichungen (Auswahl):<\/em>\u00a0<a href=\"http:\/\/www.mwme.eu\/essays\/german-balkans\/_Petrova_Mackensen_1\/index.html\" target=\"_blank\" rel=\"noopener\">\u201eNot a Central European Theatre of War\u201c: The Balkans as a Cultural and Travel Experience in the Notes and Letters of August von Mackensen and Hans von Seeckt 1915-1918<\/a> (2015); Wahrnehmung und Darstellung von Raum und Grenzen. Die Dobrudscha in bulgarischen literarischen Texten \u00fcber den Ersten Weltkrieg, in: Olivia Spiridon (Hrsg.): Textfronten. Perspektiven auf den Ersten Weltkrieg im s\u00fcd\u00f6stlichen Europa, Stuttgart 2015, S. 93 \u2013 107; Loyale Konspiratoren. Die Verschw\u00f6rung bulgarischer Offiziere 1886\/87, in: Geheime Netzwerke im Milit\u00e4r 1700-1945, hrsg. von Gundula Gahlen, Daniel M. Segesser, Carmen Winkel (=Krieg in der Geschichte, Bd. 80), Verlag Ferdinand Sch\u00f6ningh, Paderborn 2016, S. 113-131.<\/p>\n","protected":false},"excerpt":{"rendered":"<p>Dr. phil. Gundula Gahlen arbeitet als wissenschaftliche Mitarbeiterin am Arbeitsbereich Neuere Geschichte der Freien Universit\u00e4t Berlin. Ihre Forschungsinteressen liegen in der der Milit\u00e4rgeschichte des 18. bis 20. Jahrhunderts, der Kollektiven Biographik, Psychiatriegeschichte und Erfahrungsgeschichte. Die Dissertation von Gundula Gahlen widmet sich dem bayerischen Offizierskorps von 1815 bis 1866. Nachfolgend untersuchte sie im DFG-Forschungsprojekt \u201eDer Erste [&hellip;]<\/p>\n","protected":false},"author":1,"featured_media":0,"parent":0,"menu_order":0,"comment_status":"closed","ping_status":"closed","template":"","meta":{"footnotes":""},"_links":{"self":[{"href":"http:\/\/nervenundkrieg.de\/index.php?rest_route=\/wp\/v2\/pages\/39"}],"collection":[{"href":"http:\/\/nervenundkrieg.de\/index.php?rest_route=\/wp\/v2\/pages"}],"about":[{"href":"http:\/\/nervenundkrieg.de\/index.php?rest_route=\/wp\/v2\/types\/page"}],"author":[{"embeddable":true,"href":"http:\/\/nervenundkrieg.de\/index.php?rest_route=\/wp\/v2\/users\/1"}],"replies":[{"embeddable":true,"href":"http:\/\/nervenundkrieg.de\/index.php?rest_route=%2Fwp%2Fv2%2Fcomments&post=39"}],"version-history":[{"count":57,"href":"http:\/\/nervenundkrieg.de\/index.php?rest_route=\/wp\/v2\/pages\/39\/revisions"}],"predecessor-version":[{"id":348,"href":"http:\/\/nervenundkrieg.de\/index.php?rest_route=\/wp\/v2\/pages\/39\/revisions\/348"}],"wp:attachment":[{"href":"http:\/\/nervenundkrieg.de\/index.php?rest_route=%2Fwp%2Fv2%2Fmedia&parent=39"}],"curies":[{"name":"wp","href":"https:\/\/api.w.org\/{rel}","templated":true}]}}

<p><img loading="lazy" decoding="async" class="wp-image-78 alignleft" src="http://nervenundkrieg.de/wp-content/uploads/2017/07/bild_gahlen2017_klein-238x300.jpg" alt="" width="152" height="192" /><a href="http://www.geschkult.fu-berlin.de/e/fmi/institut/arbeitsbereiche/ab_janz/Mitarbeiter/Wissenschaftliche-Mitarbeiter/Gahlen.html">Dr. phil. Gundula Gahlen</a> arbeitet als wissenschaftliche Mitarbeiterin am Arbeitsbereich Neuere Geschichte der Freien Universität Berlin. Ihre Forschungsinteressen liegen in der der Militärgeschichte des 18. bis 20. Jahrhunderts, der Kollektiven Biographik, Psychiatriegeschichte und Erfahrungsgeschichte. Die Dissertation von Gundula Gahlen widmet sich dem bayerischen Offizierskorps von 1815 bis 1866. Nachfolgend untersuchte sie im DFG-Forschungsprojekt <a href="http://www.geschkult.fu-berlin.de/e/fmi/institut/arbeitsbereiche/ab_janz/Forschungsprojekte/projekt_dfg_erster_weltkrieg_auf_dem_balkan/DFG_Projekt.html" target="_blank" rel="noopener">„Der Erste Weltkrieg auf dem Balkan“</a> die Kriegserfahrungen deutscher Soldaten in Rumänien. Ihr Habilitationsprojekt behandelt das Thema <a href="http://www.geschkult.fu-berlin.de/e/fmi/institut/arbeitsbereiche/ab_janz/Forschungsprojekte/Psychisch_versehrte_Offiziere_des_Ersten_Weltkriegs/index.html" target="_blank" rel="noopener">„Psychisch versehrte Offiziere des Ersten Weltkriegs in Deutschland“</a>.</p>
<p><a href="http://www.geschkult.fu-berlin.de/en/e/fmi/institut/arbeitsbereiche/ab_janz/Mitarbeiter/Wissenschaftliche-Mitarbeiter/gahlen.html">Dr. Gundula Gahlen</a> is a research associate within the department of modern history at the Free University Berlin. Her research interests include military history from the 18th to the 20th century, ‘collective biography’, the history of psychiatry and the history of experience. Gundula Gahlen’s dissertation addressed the Bavarian officer corps from 1815 to 1866. After this, she was research associate in the DFG research project <a href="http://www.geschkult.fu-berlin.de/e/fmi/arbeitsbereiche/ab_janz/Forschungsprojekte/projekt_dfg_erster_weltkrieg_auf_dem_balkan/DFG_Projekt.html" target="_blank" rel="noopener">“The First World War in the Balkans”</a> and investigated German soldiers’ experiences of war in Romania. Her habilitation project explores the topic <a href="http://www.geschkult.fu-berlin.de/e/fmi/arbeitsbereiche/ab_janz/Forschungsprojekte/Psychisch_versehrte_Offiziere_des_Ersten_Weltkriegs/index.html" target="_blank" rel="noopener">“Mentally Traumatized Officers of World War One in Germany”</a>.</p>
<p><em>Veröffentlichungen (Auswahl):</em><br />
Gundula Gahlen, Das bayerische Offizierskorps 1815-1866, Paderborn u. a. 2011 (= Krieg in der Geschichte 63).<br />
Gahlen, Gundula/Daniel Marc Segesser/Carmen Winkel (Hrsg.), Geheime Netzwerke im Militär, 1700-1945, Paderborn u. a. 2016 (= Krieg in der Geschichte 80).<br />
Gahlen, Gundula/Wencke Meteling/Christoph Nübel (Hrsg.), <a href="http://portal-militaergeschichte.de/psychische_versehrungen." target="_blank" rel="noopener">Themenschwerpunkt: Psychische Versehrungen im Zeitalter der Weltkriege.</a> Portal Militärgeschichte, 5. Januar 2015.<br />
Jürgen Angelow (Hrsg.) unter Mitarbeit von Gundula Gahlen u. Oliver Stein, Der Erste Weltkrieg auf dem Balkan. Perspektiven der Forschung, Berlin 2011.<br />
Gundula Gahlen u. Carmen Winkel (Hrsg.), Militärische Eliten in der Frühen Neuzeit, Potsdam 2010 (= Militär und Gesellschaft in der Frühen Neuzeit 14 (2010) Heft 1).</p>
<p><img loading="lazy" decoding="async" class="wp-image-95 alignleft" src="http://nervenundkrieg.de/wp-content/uploads/2017/07/BjörnHofmeister-206x300.jpg" alt="" width="147" height="214" srcset="http://nervenundkrieg.de/wp-content/uploads/2017/07/BjörnHofmeister-206x300.jpg 206w, http://nervenundkrieg.de/wp-content/uploads/2017/07/BjörnHofmeister.jpg 350w" sizes="(max-width: 147px) 100vw, 147px" /></p>
<p><a href="http://www.geschkult.fu-berlin.de/e/fmi/institut/arbeitsbereiche/puschner/mitarbeiter/wimi/hofmeister.html" target="_blank" rel="noopener">Dr. Björn Hofmeister</a> arbeitet als wissenschaftlicher Mitarbeiter am Arbeitsbereich Neuere Geschichte am Friedrich-Meinecke-Institut der Freien Universität Berlin. Er arbeitet zur Politik-, Kultur- und Sozialgeschichte des 19. und 20. Jahrhunderts mit Schwerpunkten in der Verbandsgeschichte, Parteien und soziale Bewegungen, Biographik und generationellen Erfahrungsgeschichte des Ersten Weltkrieges. Die Dissertation von Björn Hofmeister  (Ph.D. Georgetown University) widmet sich der Ideen- und Mobilisierungspolitik des Alldeutschen Verbandes zwischen 1914 und 1939 und somit auch dem Verhältnis zwischen „alten“ und „neuen“ nationalistischen Bewegungen zwischen Kaiserreich und Nationalsozialismus. Nachfolgend erarbeitet er das DFG-Editionsprojekt <a href="http://www.geschkult.fu-berlin.de/e/fmi/institut/arbeitsbereiche/puschner/projekte/class/index.html" target="_blank" rel="noopener">„Heinrich Claß. Politische Erinnerungen des Vorsitzenden des Alldeutschen Verbandes 1915-1933/36“</a>.</p>
<p><em>Veröffentlichungen (Auswahl):</em> (Herausgeber zusammen mit Rüdiger vom Bruch): Kaiserreich und Erster Weltkrieg 1871-1918, 6. Aufl., Stuttgart 2013; Realms of Leadership and Residues of Social Mobilization. The Pan-German League, 1918-1933, in Larry Eugene Jones (Hrsg.): The German Right in the Weimar Republic, New York/Oxford 2014, S. 134-165; Weltanschauung, Mobilisierungstrukturen und Krisenerfahrungen. Antisemitische Radikalisierung des Alldeutschen Verbandes als Prozeß 1912-1920, in: Jahrbuch für Antisemitismusforschung 24 (2015), S. 119-153; Protestantismus, deutsche Kriegsgesellschaft und Mobilisierungspolitik zwischen Erstem Weltkrieg und Weimarer Republik, in Richard Faber/Uwe Puschner (Hrsg.): Luther. Zeitgenössisch, historisch, kontrovers, Frankfurt/Main 2017, S. 43-67</p>
<p><a href="http://www.geschkult.fu-berlin.de/e/fmi/institut/arbeitsbereiche/puschner/mitarbeiter/wimi/hofmeister.html" target="_blank" rel="noopener">Dr. Björn Hofmeister</a> is a research associate at the Friedrich Meinecke Institute (Modern History) at Free University Berlin. His research focuses on the political, cultural, and social history of the 19<sup>th</sup> and 20<sup>th</sup> Century with a special interest in the history of associations, parties and social movements, biography, and the history of generations as well as processes of coping and experiencing WWI. Björn Hofmeister’s dissertation (Ph.D. Georgetown University) is devoted to Pan-German politics of Weltanschauung and mobilization between 1914 and 1939. The study, with the current title „Architects of Dictatorship. Radical Nationalism and Political Mobilization of the Pan-German League, 1914-1939“, puts the League´s struggle for mobilization und influence into a broader context of the relationship between “old” and “new” movements of the radical Right between Imperial and Nazi Germany. He is currently finishing the DFG project <a href="http://www.geschkult.fu-berlin.de/e/fmi/institut/arbeitsbereiche/puschner/projekte/class/index.html" target="_blank" rel="noopener">“Heinrich Claß. Political Memoirs of the Chairman of the Pan-German League, 1915-1933/36”</a>.</p>
<p><img loading="lazy" decoding="async" class=" wp-image-180 alignleft" src="http://nervenundkrieg.de/wp-content/uploads/2016/05/P_FOTO_normal.jpg" alt="" width="151" height="225" /><a href="http://www.mgfa-potsdam.de/html/zms_mitarbeiter_einzeln.php?do=display&amp;ident=58246d1de924b" target="_blank" rel="noopener">Dr. Christoph Nübel</a> ist wissenschaftlicher Mitarbeiter am Zentrum für Militärgeschichte und Sozialwissenschaften der Bundeswehr, Potsdam. Zuvor war er wissenschaftlicher Mitarbeiter an der Humboldt-Universität zu Berlin. Nübels Forschungen befassen sich mit der Militärgeschichte des 19. und 20. Jahrhunderts, Sicherheit, Raum und historischen Mythen.</p>
<p><em>Veröffentlichungen (Auswahl):</em> Neuvermessungen der Gewaltgeschichte. Über den &#8222;langen Ersten Weltkrieg&#8220; (1900–1930), in: Mittelweg 36 24 (2015), S. 225-248; <a href="https://www.schoeningh.de/uploads/tx_mbooks/9783506780836_leseprobe.pdf" target="_blank" rel="noopener">Durchhalten und Überleben an der Westfront. Raum und Körper im Ersten Weltkrieg</a>, Paderborn 2014; Der Bismarck-Mythos in den Reden und Schriften Hitlers. Vergangenheitsbilder und Zukunftsversprechen in der Auseinandersetzung von NSDAP und DNVP bis 1933, in: Historische Zeitschrift 298 (2014), S. 349-380.</p>
<p><a href="http://www.mgfa-potsdam.de/html/zms_mitarbeiter_einzeln.php?do=display&amp;ident=58246d1de924b" target="_blank" rel="noopener">Dr. Christoph Nübel</a> is research associate at the Bundeswehr Center of Military History and Social Sciences in Potsdam. Previously, he was  research associate at Humboldt University Berlin. Nübel’s research focuses on military history of the 19<sup>th</sup> and 20<sup>th</sup> century, security studies, spatial history and historical mythology.</p>
<p>Deniza Petrova M.A. ist Doktorandin am Friedrich-Meinecke-Institut der Freien Universität Berlin. Zuvor war sie wissenschaftliche Mitarbe<img loading="lazy" decoding="async" class="wp-image-344 alignleft" src="http://nervenundkrieg.de/wp-content/uploads/2017/10/IMG_4022_d.jpg" alt="" width="139" height="159" />iterin am Lehrstuhl für Militärgeschichte/Kulturgeschichte der Gewalt an der Universität Potsdam und am Arbeitsbereich Neuere Geschichte, Freie Universität-Berlin. Ihr abgeschlossenes Dissertationsprojekt widmet sich der bulgarischen Erinnerung an den Ersten Weltkrieg (1916-2016) im Rahmen des DFG-Forschungsprojekts <a href="http://www.geschkult.fu-berlin.de/e/fmi/institut/arbeitsbereiche/ab_janz/Forschungsprojekte/projekt_dfg_erster_weltkrieg_auf_dem_balkan/DFG_Projekt.html" target="_blank" rel="noopener">„Der Erste Weltkrieg auf dem Balkan“</a>. Deniza Petrova ist der <span class="st">CIO</span> des Tagungsteams und verantwortlich für Internetpräsenz, Design, Druckwerbung und Kommunikation.</p>
<p><em>Veröffentlichungen (Auswahl):</em> <a href="http://www.mwme.eu/essays/german-balkans/_Petrova_Mackensen_1/index.html" target="_blank" rel="noopener">„Not a Central European Theatre of War“: The Balkans as a Cultural and Travel Experience in the Notes and Letters of August von Mackensen and Hans von Seeckt 1915-1918</a> (2015); Wahrnehmung und Darstellung von Raum und Grenzen. Die Dobrudscha in bulgarischen literarischen Texten über den Ersten Weltkrieg, in: Olivia Spiridon (Hrsg.): Textfronten. Perspektiven auf den Ersten Weltkrieg im südöstlichen Europa, Stuttgart 2015, S. 93 – 107; Loyale Konspiratoren. Die Verschwörung bulgarischer Offiziere 1886/87, in: Geheime Netzwerke im Militär 1700-1945, hrsg. von Gundula Gahlen, Daniel M. Segesser, Carmen Winkel (=Krieg in der Geschichte, Bd. 80), Verlag Ferdinand Schöningh, Paderborn 2016, S. 113-131.</p>

<p>Dr. phil. Gundula Gahlen arbeitet als wissenschaftliche Mitarbeiterin am Arbeitsbereich Neuere Geschichte der Freien Universität Berlin. Ihre Forschungsinteressen liegen in der der Militärgeschichte des 18. bis 20. Jahrhunderts, der Kollektiven Biographik, Psychiatriegeschichte und Erfahrungsgeschichte. Die Dissertation von Gundula Gahlen widmet sich dem bayerischen Offizierskorps von 1815 bis 1866. Nachfolgend untersuchte sie im DFG-Forschungsprojekt „Der Erste [&hellip;]</p>
