{"id":41,"date":"2017-07-26T07:51:22","date_gmt":"2017-07-26T07:51:22","guid":{"rendered":"http:\/\/nervenundkrieg.de\/?page_id=41"},"modified":"2018-07-01T22:07:27","modified_gmt":"2018-07-01T22:07:27","slug":"aktuelles","status":"publish","type":"page","link":"http:\/\/nervenundkrieg.de\/?page_id=41","title":{"rendered":"Aktuelles"},"content":{"rendered":"<ul>\n<li><strong>Call for Papers<\/strong> f\u00fcr die Fachtagung des Arbeitskreises Milit\u00e4rgeschichte e.V. in Kooperation mit dem Institut f\u00fcr Geschichte, Theorie und Ethik der Medizin der RWTH Aachen: <strong><a href=\"https:\/\/www.hsozkult.de\/event\/id\/termine-37641\" target=\"_blank\" rel=\"noopener\">Krank vom Krieg. Umgangsweisen und kulturelle Deutungsmuster eines Zusammenhangs von der Antike bis zur Gegenwart<\/a><\/strong>. Begr\u00fc\u00dft werden Beitr\u00e4ge aus verschiedenen Epochen mit einem kriegs- und milit\u00e4r- und\/oder einem medizinhistorischen Hintergrund. Neben empirischen Fallstudien sind auch st\u00e4rker theoretisch ausgerichtete Beitr\u00e4ge erw\u00fcnscht, die die Potenziale verschiedener methodisch-theoretischer Ans\u00e4tze und Konzepte oder auch eines zeitlich \u00fcbergreifenden und vergleichenden Zugriffs auf das Themenfeld aufzeigen.Bitte schicken Sie ein Expos\u00e9 Ihres Beitrags im Umfang von maximal einer Seite samt biobibliografischen Informationen (max. 2 Seiten) bis zum 31. Juli 2018 an <strong>Gundula Gahlen<\/strong> (<a href=\"mailto:gundula.gahlen@fu-berlin.de\">gundula.gahlen@fu-berlin.de<\/a>).<\/li>\n<\/ul>\n<ul>\n<li>Vortrag von Gundula Gahlen (Freie Universit\u00e4t Berlin):<em> &#8222;<\/em>Psychisch versehrte Offiziere in Lazarettbehandlung im Ersten Weltkrieg&#8220; am 12. Dezember 2017 im <a href=\"http:\/\/www.geschkult.fu-berlin.de\/e\/fmi\/institut\/arbeitsbereiche\/ab_janz\/Termine\/FK-WS-1718.html\" target=\"_blank\" rel=\"noopener\">Forschungskolloquium zur Neueren Geschichte, Arbeitsbereich Prof. Dr.Oliver Janz<\/a>.<\/li>\n<\/ul>\n<p>&nbsp;<\/p>\n<ul>\n<li>Gahlen, Gundula\/Wencke Meteling\/Christoph N\u00fcbel (Hrsg.), <strong><a href=\"http:\/\/portal-militaergeschichte.de\/psychische_versehrungen.\">Themenschwerpunkt: Psychische Versehrungen im Zeitalter der Weltkriege.<\/a><\/strong> Portal Milit\u00e4rgeschichte, 5. Januar 2015.<\/li>\n<\/ul>\n<p>Der Themenschwerpunkt vereint sechs Beitr\u00e4ge, die sich mit der Situation in Deutschland, Belgien, Frankreich, Irland und der Sowjetunion auf nationaler oder auch lokaler Ebene befassen. Damit werden Gemeinsamkeiten und Unterschiede zwischen den europ\u00e4ischen Gesellschaften sowie m\u00f6gliche transnationale Umbruchphasen ersichtlich, die beim Umgang mit psychischen Versehrungen im Zeitalter der Weltkriege ma\u00dfgeblich waren und die sich l\u00e4ngst nicht immer mit den Jahreszahlen 1914, 1918, 1939 und 1945 decken.<\/p>\n<p>Mit Beitr\u00e4gen von <a href=\"http:\/\/portal-militaergeschichte.de\/koehne_militaerpsychiatrie\">Julia Barbara K\u00f6hne<\/a> und <a href=\"http:\/\/portal-militaergeschichte.de\/rauh_pruell_krank\">Philipp Rauh<\/a>.<\/p>\n<p>&nbsp;<\/p>\n<ul>\n<li><img loading=\"lazy\" decoding=\"async\" class=\" wp-image-240 alignleft\" src=\"http:\/\/nervenundkrieg.de\/wp-content\/uploads\/2017\/07\/978-3-446-25355-1_21633118641-69-197x300.jpg\" alt=\"\" width=\"102\" height=\"155\" srcset=\"http:\/\/nervenundkrieg.de\/wp-content\/uploads\/2017\/07\/978-3-446-25355-1_21633118641-69-197x300.jpg 197w, http:\/\/nervenundkrieg.de\/wp-content\/uploads\/2017\/07\/978-3-446-25355-1_21633118641-69-768x1170.jpg 768w, http:\/\/nervenundkrieg.de\/wp-content\/uploads\/2017\/07\/978-3-446-25355-1_21633118641-69-672x1024.jpg 672w, http:\/\/nervenundkrieg.de\/wp-content\/uploads\/2017\/07\/978-3-446-25355-1_21633118641-69.jpg 1400w\" sizes=\"(max-width: 102px) 100vw, 102px\" \/>Joachim Radkaus <strong><a href=\"https:\/\/www.hanser-literaturverlage.de\/buch\/das-zeitalter-der-nervositaet\/978-3-446-25355-1\/\" target=\"_blank\" rel=\"noopener\">&#8222;Das Zeitalter der Nervosit\u00e4t. Deutschland zwischen Bismarck und Hitler&#8220;<\/a><\/strong> ist 2016 als Paperback neu herausgebracht worden. Sein <a href=\"https:\/\/greenovquai.firebaseapp.com\/40\/Max-Weber-Die-Leidenschaft-des-Denkens.pdf\" target=\"_blank\" rel=\"noopener\">&#8222;Max Weber. Die Leidenschaft des Denkens&#8220;<\/a> (Carl Hanser Verlag, M\u00fcnchen 2005) ist leicht gek\u00fcrzt und \u00fcberarbeitet 2014 bei dtv als Taschenbuch erschienen.<\/li>\n<\/ul>\n<p>Am 12. Oktober ab 18.45 Uhr wird Prof. Radkau einen \u00f6ffentlichen Abendvortrag mit dem Titel &#8222;<strong>Die Wende zur \u201aWillenskultur\u2018 in der Nerventherapie und das nerv\u00f6se Doppelgesicht des Krieges<\/strong>&#8220; halten, s. <a href=\"http:\/\/nervenundkrieg.de\/wp-content\/uploads\/2017\/07\/Tagungsprogramm-Nerven-und-Krieg-12.7.pdf\" target=\"_blank\" rel=\"noopener\">Programm<\/a>.<\/p>\n<p>&nbsp;<\/p>\n<ul>\n<li>\u00dcbersichtsartikel zu &#8222;shell shock&#8220; und <span class=\"st\">Milit\u00e4rpsychiatrie in Europa bei <a href=\"https:\/\/encyclopedia.1914-1918-online.net\/home\/\">1914-1918-online. International Encyclopedia of the First World War<\/a>: <\/span>Reid, Fiona: <strong><a href=\"https:\/\/encyclopedia.1914-1918-online.net\/article\/war_psychiatry\">War Psychiatry<\/a><\/strong>, in: 1914-1918-online. International Encyclopedia of the First World War, ed. by Ute Daniel, Peter Gatrell, Oliver Janz, Heather Jones, Jennifer Keene, Alan Kramer, and Bill Nasson, issued by Freie Universit\u00e4t Berlin, Berlin 2014-10-08. DOI:10.15463\/ie1418.10288.<\/li>\n<\/ul>\n","protected":false},"excerpt":{"rendered":"<p>Call for Papers f\u00fcr die Fachtagung des Arbeitskreises Milit\u00e4rgeschichte e.V. in Kooperation mit dem Institut f\u00fcr Geschichte, Theorie und Ethik der Medizin der RWTH Aachen: Krank vom Krieg. Umgangsweisen und kulturelle Deutungsmuster eines Zusammenhangs von der Antike bis zur Gegenwart. Begr\u00fc\u00dft werden Beitr\u00e4ge aus verschiedenen Epochen mit einem kriegs- und milit\u00e4r- und\/oder einem medizinhistorischen Hintergrund. [&hellip;]<\/p>\n","protected":false},"author":1,"featured_media":0,"parent":0,"menu_order":0,"comment_status":"closed","ping_status":"closed","template":"","meta":{"footnotes":""},"_links":{"self":[{"href":"http:\/\/nervenundkrieg.de\/index.php?rest_route=\/wp\/v2\/pages\/41"}],"collection":[{"href":"http:\/\/nervenundkrieg.de\/index.php?rest_route=\/wp\/v2\/pages"}],"about":[{"href":"http:\/\/nervenundkrieg.de\/index.php?rest_route=\/wp\/v2\/types\/page"}],"author":[{"embeddable":true,"href":"http:\/\/nervenundkrieg.de\/index.php?rest_route=\/wp\/v2\/users\/1"}],"replies":[{"embeddable":true,"href":"http:\/\/nervenundkrieg.de\/index.php?rest_route=%2Fwp%2Fv2%2Fcomments&post=41"}],"version-history":[{"count":19,"href":"http:\/\/nervenundkrieg.de\/index.php?rest_route=\/wp\/v2\/pages\/41\/revisions"}],"predecessor-version":[{"id":411,"href":"http:\/\/nervenundkrieg.de\/index.php?rest_route=\/wp\/v2\/pages\/41\/revisions\/411"}],"wp:attachment":[{"href":"http:\/\/nervenundkrieg.de\/index.php?rest_route=%2Fwp%2Fv2%2Fmedia&parent=41"}],"curies":[{"name":"wp","href":"https:\/\/api.w.org\/{rel}","templated":true}]}}

<ul>
<li><strong>Call for Papers</strong> für die Fachtagung des Arbeitskreises Militärgeschichte e.V. in Kooperation mit dem Institut für Geschichte, Theorie und Ethik der Medizin der RWTH Aachen: <strong><a href="https://www.hsozkult.de/event/id/termine-37641" target="_blank" rel="noopener">Krank vom Krieg. Umgangsweisen und kulturelle Deutungsmuster eines Zusammenhangs von der Antike bis zur Gegenwart</a></strong>. Begrüßt werden Beiträge aus verschiedenen Epochen mit einem kriegs- und militär- und/oder einem medizinhistorischen Hintergrund. Neben empirischen Fallstudien sind auch stärker theoretisch ausgerichtete Beiträge erwünscht, die die Potenziale verschiedener methodisch-theoretischer Ansätze und Konzepte oder auch eines zeitlich übergreifenden und vergleichenden Zugriffs auf das Themenfeld aufzeigen.Bitte schicken Sie ein Exposé Ihres Beitrags im Umfang von maximal einer Seite samt biobibliografischen Informationen (max. 2 Seiten) bis zum 31. Juli 2018 an <strong>Gundula Gahlen</strong> (<a href="mailto:gundula.gahlen@fu-berlin.de">gundula.gahlen@fu-berlin.de</a>).</li>
</ul>
<ul>
<li>Vortrag von Gundula Gahlen (Freie Universität Berlin):<em> &#8222;</em>Psychisch versehrte Offiziere in Lazarettbehandlung im Ersten Weltkrieg&#8220; am 12. Dezember 2017 im <a href="http://www.geschkult.fu-berlin.de/e/fmi/institut/arbeitsbereiche/ab_janz/Termine/FK-WS-1718.html" target="_blank" rel="noopener">Forschungskolloquium zur Neueren Geschichte, Arbeitsbereich Prof. Dr.Oliver Janz</a>.</li>
</ul>
<p>&nbsp;</p>
<ul>
<li>Gahlen, Gundula/Wencke Meteling/Christoph Nübel (Hrsg.), <strong><a href="http://portal-militaergeschichte.de/psychische_versehrungen.">Themenschwerpunkt: Psychische Versehrungen im Zeitalter der Weltkriege.</a></strong> Portal Militärgeschichte, 5. Januar 2015.</li>
</ul>
<p>Der Themenschwerpunkt vereint sechs Beiträge, die sich mit der Situation in Deutschland, Belgien, Frankreich, Irland und der Sowjetunion auf nationaler oder auch lokaler Ebene befassen. Damit werden Gemeinsamkeiten und Unterschiede zwischen den europäischen Gesellschaften sowie mögliche transnationale Umbruchphasen ersichtlich, die beim Umgang mit psychischen Versehrungen im Zeitalter der Weltkriege maßgeblich waren und die sich längst nicht immer mit den Jahreszahlen 1914, 1918, 1939 und 1945 decken.</p>
<p>Mit Beiträgen von <a href="http://portal-militaergeschichte.de/koehne_militaerpsychiatrie">Julia Barbara Köhne</a> und <a href="http://portal-militaergeschichte.de/rauh_pruell_krank">Philipp Rauh</a>.</p>
<p>&nbsp;</p>
<ul>
<li><img loading="lazy" decoding="async" class=" wp-image-240 alignleft" src="http://nervenundkrieg.de/wp-content/uploads/2017/07/978-3-446-25355-1_21633118641-69-197x300.jpg" alt="" width="102" height="155" srcset="http://nervenundkrieg.de/wp-content/uploads/2017/07/978-3-446-25355-1_21633118641-69-197x300.jpg 197w, http://nervenundkrieg.de/wp-content/uploads/2017/07/978-3-446-25355-1_21633118641-69-768x1170.jpg 768w, http://nervenundkrieg.de/wp-content/uploads/2017/07/978-3-446-25355-1_21633118641-69-672x1024.jpg 672w, http://nervenundkrieg.de/wp-content/uploads/2017/07/978-3-446-25355-1_21633118641-69.jpg 1400w" sizes="(max-width: 102px) 100vw, 102px" />Joachim Radkaus <strong><a href="https://www.hanser-literaturverlage.de/buch/das-zeitalter-der-nervositaet/978-3-446-25355-1/" target="_blank" rel="noopener">&#8222;Das Zeitalter der Nervosität. Deutschland zwischen Bismarck und Hitler&#8220;</a></strong> ist 2016 als Paperback neu herausgebracht worden. Sein <a href="https://greenovquai.firebaseapp.com/40/Max-Weber-Die-Leidenschaft-des-Denkens.pdf" target="_blank" rel="noopener">&#8222;Max Weber. Die Leidenschaft des Denkens&#8220;</a> (Carl Hanser Verlag, München 2005) ist leicht gekürzt und überarbeitet 2014 bei dtv als Taschenbuch erschienen.</li>
</ul>
<p>Am 12. Oktober ab 18.45 Uhr wird Prof. Radkau einen öffentlichen Abendvortrag mit dem Titel &#8222;<strong>Die Wende zur ‚Willenskultur‘ in der Nerventherapie und das nervöse Doppelgesicht des Krieges</strong>&#8220; halten, s. <a href="http://nervenundkrieg.de/wp-content/uploads/2017/07/Tagungsprogramm-Nerven-und-Krieg-12.7.pdf" target="_blank" rel="noopener">Programm</a>.</p>
<p>&nbsp;</p>
<ul>
<li>Übersichtsartikel zu &#8222;shell shock&#8220; und <span class="st">Militärpsychiatrie in Europa bei <a href="https://encyclopedia.1914-1918-online.net/home/">1914-1918-online. International Encyclopedia of the First World War</a>: </span>Reid, Fiona: <strong><a href="https://encyclopedia.1914-1918-online.net/article/war_psychiatry">War Psychiatry</a></strong>, in: 1914-1918-online. International Encyclopedia of the First World War, ed. by Ute Daniel, Peter Gatrell, Oliver Janz, Heather Jones, Jennifer Keene, Alan Kramer, and Bill Nasson, issued by Freie Universität Berlin, Berlin 2014-10-08. DOI:10.15463/ie1418.10288.</li>
</ul>

<p>Call for Papers für die Fachtagung des Arbeitskreises Militärgeschichte e.V. in Kooperation mit dem Institut für Geschichte, Theorie und Ethik der Medizin der RWTH Aachen: Krank vom Krieg. Umgangsweisen und kulturelle Deutungsmuster eines Zusammenhangs von der Antike bis zur Gegenwart. Begrüßt werden Beiträge aus verschiedenen Epochen mit einem kriegs- und militär- und/oder einem medizinhistorischen Hintergrund. [&hellip;]</p>
